te the highest common factor of q and 27.
9
Let i = 14 + -74. Let k be i/(-2 - 24/(-15)). What is the greatest common factor of 15 and k?
15
Let k(n) = -4*n - 40. Let l be k(-13). Calculate the greatest common factor of l and 48.
12
Suppose 0 = 3*c + 2*l + 24, c - 2*l - 18 = 3*c. Let h(b) = -b - 14. Let g be h(c). Let f be 268/3 + g/(-12). What is the highest common factor of 10 and f?
10
Suppose 4*j - 13 = 51. Let d be 2/4 - (-104)/j. Let p = 31 + -10. What is the greatest common factor of d and p?
7
Suppose -3*y + 5*z - 11 = 0, 2*z = -y + 5*y + 24. Let m = -3 - y. Suppose w + m = 0, w - 64 = -4*j + 2*w. Calculate the greatest common factor of j and 6.
3
Let k be (-160)/(-2)*(2 - 0). Calculate the greatest common divisor of 20 and k.
20
Let k(y) = -y - 4. Let z be k(-4). Suppose z = -p - 13 + 15. What is the greatest common factor of p and 16?
2
Let m be 1*51/3 - 2. Calculate the greatest common factor of m and 3.
3
Suppose -5*s + 193 = 43. Calculate the greatest common divisor of s and 105.
15
Suppose 6*g = -5 + 41. Calculate the highest common factor of g and 2.
2
Suppose 63 = 4*o + 47. Let v = -24 - -15. Let n = v + 17. What is the greatest common divisor of o and n?
4
Suppose b + 0*b - 4*w = 27, 0 = -5*b + 2*w + 81. Calculate the highest common factor of 60 and b.
15
Suppose 2*c = c + 8. Let a = 6 - 2. Suppose 10 - 298 = -a*i. What is the highest common divisor of i and c?
8
Let p be (-22)/4*(-5 + 3). Let v be 1382/14 - (-4)/14. Calculate the greatest common divisor of v and p.
11
Let u be 64/(-12)*(0 - 3). Let h be (-870)/(-27) - (-6)/(-27). Suppose h = -o + 2*o. Calculate the greatest common divisor of u and o.
16
Let l(x) = 3*x - 2. Let r be l(6). Let p(h) = -2*h + 7. Let w be p(5). Let c(v) = -44*v - 4. Let k be c(w). Calculate the highest common divisor of k and r.
16
Suppose 3*r - 50 = 70. Suppose 2*s = 32 - 0. Calculate the greatest common divisor of r and s.
8
Suppose -2*a + 10 = 3*v - a, v + 5*a - 8 = 0. Suppose v*k - 165 - 24 = 0. Let o be 18*(9/(-6) - -2). Calculate the highest common divisor of k and o.
9
Suppose 0 = -0*a + 5*a. Suppose i = 6*i + 4*x - 116, -4*i - 2*x + 94 = a. Calculate the highest common divisor of i and 12.
12
Suppose 3 = 4*d - 9. Let h be (-7)/(-2)*(-1 + 7). Calculate the highest common divisor of h and d.
3
Let j = -30 - -50. Let v = j - 2. What is the greatest common factor of v and 18?
18
Let b be 2 + (195 - -3)/3. Let m be 12/18 + b/6. Let s = 28 - m. What is the highest common factor of 24 and s?
8
Suppose -2*l + n - 1 = l, l = -n + 5. Let p be 3/(3/97) - l. What is the highest common factor of 24 and p?
24
Suppose -3*u - 160 = -5*l + l, 0 = 4*l - u - 160. Calculate the highest common factor of 10 and l.
10
Suppose -a = -12*g + 7*g - 55, -4*a + 195 = 5*g. Calculate the greatest common factor of 50 and a.
50
Suppose -3*w = 4*m - 70, 3*w - 8 = -2*m + 30. Calculate the highest common factor of 176 and m.
16
Let a = 15 + -3. What is the highest common factor of 18 and a?
6
Let w = 68 - 51. Calculate the highest common divisor of w and 102.
17
Suppose -3*x - 2*c = -2*x - 2, -x - 5*c = -5. Suppose x*k = 3*k - 264. Calculate the highest common divisor of k and 11.
11
Let s = -10 - -13. What is the highest common divisor of s and 21?
3
Let c be (4/10)/(10/25). Suppose 5*t = 101 - c. What is the greatest common divisor of t and 4?
4
Let u = -11 - 60. Let m = -36 - u. Let l(f) = f**2 + f + 5. Let z be l(0). What is the highest common divisor of m and z?
5
Suppose -2*a = -27 - 63. Let u be 436/18 - 10/a. Calculate the greatest common divisor of 12 and u.
12
Let c(u) = -u. Let m(z) = -3*z - 3. Let p(h) = 4*c(h) - m(h). Let t be p(7). Let k be (13/t)/((-1)/44). Calculate the greatest common factor of 13 and k.
13
Let z be ((-6)/(-8))/(1/24). Let l be 2*2*5/(-4). Let p be ((-2)/l)/((-3)/(-540)). What is the highest common factor of p and z?
18
Let y = 98 - 29. Calculate the highest common divisor of 46 and y.
23
Let l(r) = 2*r**2 + 8*r + 4. Let u be l(-7). Let d be 3/(-4) + u/8. What is the greatest common divisor of d and 20?
5
Suppose 0 = -f + 2*f + 9. Let m = 12 + f. Calculate the greatest common factor of m and 1.
1
Suppose 2*t = 2*m - 2, -2*t = -4*m - 4*t + 10. Suppose 5*o + 3*k - 16 = 0, -m*o - 6 = 3*k - 8*k. What is the highest common factor of 16 and o?
2
Let a be 168/((-2)/4*2). Let p be 0/(-2) + a/(-6). Calculate the highest common divisor of 70 and p.
14
Suppose j = s - 26, 5*j - 7*s + 131 = -3*s. Let i be (-195)/27 - 6/j. Let z = 21 + i. Calculate the highest common factor of z and 126.
14
Suppose 0 = -9*r + 13*r - 144. Let i be (-5)/(-2) - (-1)/2. Suppose i*c = -0*c, 5*c + 270 = 3*s. What is the highest common divisor of s and r?
18
Let v(q) = -14*q + 10. Let a be v(-7). Suppose 3*t = -0*t + 36. What is the highest common divisor of a and t?
12
Let g be (-46)/(-4)*(-3 - -5). What is the highest common factor of g and 253?
23
Let x(r) = -r**3 - 10*r**2 - 11*r. Let b be x(-9). Let k = 10 + -6. Suppose -a = -3*a + o + 14, 3*a = k*o + 11. Calculate the highest common factor of b and a.
9
Let p = -41 - -81. Let u be 158/5 - (-6)/15. Suppose -u = -2*r + p. What is the highest common factor of 4 and r?
4
Let u(x) = -x**3 - 11*x**2 - 10*x + 2. Let s be u(-10). What is the highest common divisor of 6 and s?
2
Let p = -6 + 15. Suppose 304 = -4*q + 40. Let h = 147 + q. Calculate the greatest common factor of h and p.
9
Suppose 4*l = 9*l - 75. What is the greatest common factor of l and 15?
15
Let b be 2/(-4) + 33/2. Let w be 0*1/(0 + 1). Let m be (w - -1)/1 + 39. What is the highest common divisor of m and b?
8
Suppose 22 = 3*h - 71. Let j be 1*(15*h)/3. What is the highest common factor of 62 and j?
31
Let r(s) = -5*s + 1 - s + 7*s. Let k be r(4). Calculate the greatest common divisor of k and 1.
1
Suppose -g + 3*r = 4*g - 300, 2*r = 4*g - 238. What is the highest common divisor of 76 and g?
19
Let n be (-2 - 9/3) + 0. Let f = 92 - n. Let a = -51 + f. Calculate the greatest common factor of 69 and a.
23
Let a(d) = d**2 + 5*d + 7. Let t be a(-5). What is the greatest common factor of 42 and t?
7
Suppose 0 = 5*u + 5*q - 590, -606 = -5*u + 7*q - 4*q. What is the highest common factor of u and 30?
30
Let b = -132 - -197. Calculate the greatest common factor of b and 5.
5
Let a(v) = v**3 + 3*v**2 - 6. Let s be a(3). Calculate the highest common divisor of s and 12.
12
Suppose -9*j + 7*j = -28. What is the greatest common factor of j and 14?
14
Let v = 9 + 7. What is the greatest common factor of v and 80?
16
Let u be (738/(-3))/((-12)/(-8)). Suppose -258 = a + 2*r, a + 2*r - 1302 = 6*a. Let s = u - a. Calculate the greatest common factor of s and 16.
16
Let q be (-36)/27*66/(-4). Calculate the greatest common factor of q and 55.
11
Let y be (((-4)/10)/1)/(5/(-200)). What is the greatest common divisor of 144 and y?
16
Suppose -b = x + x - 44, 5*x + 4*b - 104 = 0. Calculate the highest common factor of x and 16.
8
Suppose -8*b + 4*b = 60. Let z = b - -27. Calculate the highest common factor of z and 12.
12
Suppose 8*f - 2105 + 345 = 0. What is the greatest common factor of 20 and f?
20
Let z(a) = -a**3 - 8*a**2 - 8*a - 9. Let n be z(-7). Let b be (-1 - n)*4 + -2. Let x(q) = q + 4. Let c be x(4). Calculate the highest common factor of b and c.
2
Suppose z + w - 2*w = 34, -3*z - 4*w = -109. What is the highest common divisor of 20 and z?
5
Let h(u) = -4*u - 27. Let z(f) = -7*f - 53. Let y(r) = 5*h(r) - 3*z(r). Let o be y(-14). Calculate the highest common factor of o and 80.
10
Let o(t) = 2*t**3 - 9*t**2 - 4*t. Let g be o(6). What is the highest common divisor of g and 112?
28
Suppose -v + 4 = v. Suppose 4*f - 6*f = -48. Let b be f + -3 + -1 + 2. Calculate the highest common divisor of b and v.
2
Let f be 1 + 6*(-1)/(-2). Let r be (2/f)/((-3)/(-768)). What is the highest common factor of r and 16?
16
Suppose -24 = -d + 3*r - 4, -3*r - 28 = -2*d. Let u be 12/d - (-231)/6. What is the highest common factor of u and 8?
8
Suppose s - 4*j + 13 - 36 = 0, 2*j = 3*s - 19. Calculate the greatest common divisor of 24 and s.
3
Let u be (1 - 0)*(-2)/(-2). Suppose 6*d - 27 = -15. Let g be 16 - (d + (u - 0)). Calculate the greatest common divisor of 13 and g.
13
Let u = -8 + 6. Let z be -2 + 9 + u/(-1). What is the greatest comm